{"id":21,"date":"2024-01-03T16:13:13","date_gmt":"2024-01-03T15:13:13","guid":{"rendered":"http:\/\/karinebonnemaison-ccf.com\/index.php\/contact\/"},"modified":"2024-01-05T18:45:29","modified_gmt":"2024-01-05T17:45:29","slug":"animation-collective","status":"publish","type":"page","link":"https:\/\/karinebonnemaison-ccf.com\/index.php\/animation-collective\/","title":{"rendered":"Animation Collective"},"content":{"rendered":"<h3><strong>Milieu Scolaire<\/strong><\/h3>\n<p>Habilit\u00e9e \u00e0 animer des interventions collectives en <strong>\u00c9ducation \u00e0 la Vie Affective, Relationnelle et Sexuelle<\/strong> (EVARS), j\u2019interviens dans le milieu scolaire sur des th\u00e9matiques telles que\u00a0:<\/p>\n<ul>\n<li>Les violences\u00a0(lyc\u00e9e): harc\u00e8lement, violences sexuelles, violences conjugales\u2026<\/li>\n<li>Les relations amoureuses (coll\u00e8ge)\u00a0: estime de soi, amour\/amiti\u00e9<\/li>\n<li>Pr\u00e9vention en sexualit\u00e9\u00a0(coll\u00e8ge ou lyc\u00e9e)\u00a0: contraception, pr\u00e9vention IST\/VIH, consentement, pornographie\u2026<\/li>\n<li>Pudeur et intimit\u00e9 (\u00e9cole) : notion d\u2019intimit\u00e9 (ce qui est permis\/ce qui ne l\u2019est pas), rapport au corps, pr\u00e9vention de l\u2019inceste et des abus (apprendre \u00e0 dire non \u00e0 un adulte, \u00e0 rep\u00e9rer les situations anormales)<\/li>\n<\/ul>\n<p>Ou toute autre th\u00e9matique \u00e0 d\u00e9finir ensemble, en lien avec la vie affective, relationnelle et sexuelle.<\/p>\n<h3>Autres Structures<\/h3>\n<p>Dans le cadre plus large du conseil conjugal et familial, je peux<strong> intervenir \u00e0 la demande dans tout type de structure<\/strong> pour des th\u00e9matiques vari\u00e9es, comme par exemple\u00a0:<\/p>\n<ul>\n<li>Vie de couple et sexualit\u00e9 apr\u00e8s l\u2019accouchement<\/li>\n<li>La communication dans le couple<\/li>\n<li>Conflit <em>vs<\/em> violences<\/li>\n<li>Cohabitation dans les familles recompos\u00e9es<\/li>\n<li>etc. (liste non exhaustive).<\/li>\n<\/ul>\n<h3>N\u2019h\u00e9sitez pas \u00e0 me contacter pour construire ensemble votre projet\u00a0!<\/h3>\n\n\n<p><\/p>\n\n\n\n<p><\/p>\n","protected":false},"excerpt":{"rendered":"<p>Milieu Scolaire Habilit\u00e9e \u00e0 animer des interventions collectives en \u00c9ducation \u00e0 la Vie Affective, Relationnelle et Sexuelle (EVARS), j\u2019interviens dans le milieu scolaire sur des &hellip;<\/p>\n","protected":false},"author":1,"featured_media":0,"parent":0,"menu_order":0,"comment_status":"closed","ping_status":"closed","template":"","meta":{"footnotes":""},"class_list":["post-21","page","type-page","status-publish","hentry"],"_links":{"self":[{"href":"https:\/\/karinebonnemaison-ccf.com\/index.php\/wp-json\/wp\/v2\/pages\/21","targetHints":{"allow":["GET"]}}],"collection":[{"href":"https:\/\/karinebonnemaison-ccf.com\/index.php\/wp-json\/wp\/v2\/pages"}],"about":[{"href":"https:\/\/karinebonnemaison-ccf.com\/index.php\/wp-json\/wp\/v2\/types\/page"}],"author":[{"embeddable":true,"href":"https:\/\/karinebonnemaison-ccf.com\/index.php\/wp-json\/wp\/v2\/users\/1"}],"replies":[{"embeddable":true,"href":"https:\/\/karinebonnemaison-ccf.com\/index.php\/wp-json\/wp\/v2\/comments?post=21"}],"version-history":[{"count":10,"href":"https:\/\/karinebonnemaison-ccf.com\/index.php\/wp-json\/wp\/v2\/pages\/21\/revisions"}],"predecessor-version":[{"id":110,"href":"https:\/\/karinebonnemaison-ccf.com\/index.php\/wp-json\/wp\/v2\/pages\/21\/revisions\/110"}],"wp:attachment":[{"href":"https:\/\/karinebonnemaison-ccf.com\/index.php\/wp-json\/wp\/v2\/media?parent=21"}],"curies":[{"name":"wp","href":"https:\/\/api.w.org\/{rel}","templated":true}]}}