{"id":18,"date":"2024-01-03T16:13:13","date_gmt":"2024-01-03T15:13:13","guid":{"rendered":"http:\/\/karinebonnemaison-ccf.com\/index.php\/about\/"},"modified":"2024-04-26T16:50:27","modified_gmt":"2024-04-26T14:50:27","slug":"a-propos","status":"publish","type":"page","link":"https:\/\/karinebonnemaison-ccf.com\/index.php\/a-propos\/","title":{"rendered":"A propos"},"content":{"rendered":"<div class=\"col-md-6 col-sm-6 col-xs-12 wow fadeInDown animated animated animated animated animated\" style=\"visibility: visible; animation-delay: 0.4s; animation-name: fadeInDown;\" data-wow-delay=\"0.4s\">\n<h2>Comp\u00e9tences et Qualifications<\/h2>\n<p>Apr\u00e8s un doctorat en Sciences du Langage et une exp\u00e9rience professionnelle dans l\u2019enseignement sup\u00e9rieur et la recherche, j\u2019ai d\u00e9cid\u00e9 de reprendre des \u00e9tudes pour me former \u00e0 un m\u00e9tier qui a du sens :\u00a0 l\u2019accompagnement.<\/p>\n<p><strong>\u00a0\u00a0\u00a0\u00a0\u00a0\u00a0\u00a0\u00a0\u00a0\u00a0 Certification au Conseil Conjugal et Familial<\/strong> \u2013 Mouvement Fran\u00e7ais du Planning Familial MFPF<\/p>\n<p><strong>\u00a0\u00a0\u00a0\u00a0\u00a0\u00a0\u00a0\u00a0\u00a0\u00a0 Formation \u00e0 la Relation d\u2019Aide<\/strong> \u2013 Empreinte Formation<\/p>\n<p><strong>\u00a0\u00a0\u00a0\u00a0\u00a0\u00a0\u00a0\u00a0\u00a0\u00a0 Formation \u00e0 la Communication Non Violente<\/strong> \u2013 CNV France<\/p>\n<p><strong>Formation Continue<\/strong>\u00a0: chaque ann\u00e9e, je suis diverses formations courtes pour tenir mes connaissances \u00e0 jour, en acqu\u00e9rir de nouvelles ou apprendre \u00e0 utiliser de nouveaux outils.<\/p>\n<\/div>\n\n\n<p><\/p>\n\n\n\n<h6 class=\"wp-block-heading\">Membre de l\u2019ANCCEF (Association Nationale des Conseillers Conjugaux et Familiaux)<\/h6>\n\n\n\n<h6 class=\"wp-block-heading\">Membre de l\u2019Association <em>Une Place pour Elles<\/em> (pr\u00e9vention des violences conjugales)<\/h6>\n","protected":false},"excerpt":{"rendered":"<p>Comp\u00e9tences et Qualifications Apr\u00e8s un doctorat en Sciences du Langage et une exp\u00e9rience professionnelle dans l\u2019enseignement sup\u00e9rieur et la recherche, j\u2019ai d\u00e9cid\u00e9 de reprendre des &hellip;<\/p>\n","protected":false},"author":1,"featured_media":0,"parent":0,"menu_order":0,"comment_status":"closed","ping_status":"closed","template":"","meta":{"footnotes":""},"class_list":["post-18","page","type-page","status-publish","hentry"],"_links":{"self":[{"href":"https:\/\/karinebonnemaison-ccf.com\/index.php\/wp-json\/wp\/v2\/pages\/18","targetHints":{"allow":["GET"]}}],"collection":[{"href":"https:\/\/karinebonnemaison-ccf.com\/index.php\/wp-json\/wp\/v2\/pages"}],"about":[{"href":"https:\/\/karinebonnemaison-ccf.com\/index.php\/wp-json\/wp\/v2\/types\/page"}],"author":[{"embeddable":true,"href":"https:\/\/karinebonnemaison-ccf.com\/index.php\/wp-json\/wp\/v2\/users\/1"}],"replies":[{"embeddable":true,"href":"https:\/\/karinebonnemaison-ccf.com\/index.php\/wp-json\/wp\/v2\/comments?post=18"}],"version-history":[{"count":11,"href":"https:\/\/karinebonnemaison-ccf.com\/index.php\/wp-json\/wp\/v2\/pages\/18\/revisions"}],"predecessor-version":[{"id":206,"href":"https:\/\/karinebonnemaison-ccf.com\/index.php\/wp-json\/wp\/v2\/pages\/18\/revisions\/206"}],"wp:attachment":[{"href":"https:\/\/karinebonnemaison-ccf.com\/index.php\/wp-json\/wp\/v2\/media?parent=18"}],"curies":[{"name":"wp","href":"https:\/\/api.w.org\/{rel}","templated":true}]}}